is the tens digit of a?
3
Let l = 23 + -21. Suppose -4*k = 4*v - 5*v + 103, l*k = 3*v - 329. Suppose -5*c = -189 - v. What is the units digit of c?
0
Suppose 3*v - 9 - 6 = 0. Suppose 4*z + 4*u - 131 - 61 = 0, -2*z - v*u = -90. Suppose -2*b - z = -7*b. What is the units digit of b?
0
What is the tens digit of -9 - -10 - (-1*299 - 2)?
0
Let y = -5826 + 8345. What is the thousands digit of y?
2
Let z = -42 - -57. What is the hundreds digit of 20/z*3 - -186?
1
Let g be (3 - 2) + -3 + 5. Suppose 3*v - 9 = -g*x, -5*v + 1 = -4. Let c = 31 + x. What is the tens digit of c?
3
Suppose -n - 60 = -6*n. Let x be 20 - (n/(-4) + 4). Let g = -16 + x. What is the units digit of g?
3
Let p(s) = -s**3 - 60*s**2 - 28*s + 56. What is the hundreds digit of p(-60)?
7
Let z = 169 - 113. Let d = z + -24. What is the units digit of d?
2
Let o = -35 - -801. What is the tens digit of o?
6
Let c(b) = -b**3 - 5*b**2 - 4*b - 3. Let y be c(-3). Let d be y*-3*3/27. Suppose -d*q - 7 + 127 = 3*i, -3*q + 3*i = -144. What is the units digit of q?
4
Let f(i) = i**3 + 6*i**2 + 3*i + 11. Let u be f(-6). What is the tens digit of u/(-14)*264/2?
6
Let s be (-7 + 54/8)/((-2)/(-8)). Let u(k) = -21*k**3 - 3*k**2 - 4*k - 2. What is the tens digit of u(s)?
2
Let r(a) = 7*a + 8. Let h be r(-2). What is the tens digit of (7 + -3 - -12) + h/(-2)?
1
Let a be 9/2*32/48. Let p(v) = 21*v - 12. What is the tens digit of p(a)?
5
Suppose 2*k = -p + 355, 0 = 2*k - 13*p + 10*p - 343. What is the units digit of k?
6
Suppose 0 = 3*d - 1140 - 2064. What is the hundreds digit of d?
0
Let s(z) = z**2 + 8*z + 6. Let p = 8 + -15. Let h be s(p). Let q(x) = 31*x**2 + 1. What is the units digit of q(h)?
2
Suppose -6*x + 785 = -2725. What is the units digit of x?
5
Suppose 3*u - 644 = -2*d, -5*u = -3*d - 0*u + 966. Suppose -a = -b - 59, -6*a + a + d = 4*b. What is the units digit of a?
2
Let g(m) = 2*m**3 + 3*m**2 + 2*m + 9. Let s be g(-4). Let a = 145 + s. What is the tens digit of a?
6
Let b be ((-15)/6)/(1/(-6)). What is the units digit of (-2)/(-5) + 4134/b?
6
Let o(j) = 3*j - 5. Let v(u) = u. Let i(l) = o(l) - 6*v(l). Let a be i(-3). What is the units digit of (28/6)/(a/6)?
7
Let o = 20 - 18. Suppose 4*j = 4*v - 276, v + 0*v - o*j - 68 = 0. What is the tens digit of v?
7
Let t be (-5)/(44/(-16) + (-2)/(-8)). What is the hundreds digit of ((-4)/(-48)*6)/(t/904)?
2
Let t be (-28)/21*(-15)/(-2). What is the units digit of t/20 - (-113)/2?
6
Let m = 3973 + -2087. What is the tens digit of m?
8
Let p = 565 - 600. Let v(a) = 18*a**2 + 2*a + 3. Let x be v(-2). Let b = x + p. What is the units digit of b?
6
Suppose 7*i + 35*i = 139776. What is the hundreds digit of i?
3
Suppose 4*i + 7 = 15. Suppose 0 = -i*a + 95 + 17. What is the tens digit of a?
5
Let q(s) = 11*s**2 + 8*s + 9. Let a be q(-4). Suppose -v - 2*v + 87 = o, 5*v = o + a. What is the units digit of v?
0
Suppose -2*o + s = -200, 8*o = 13*o - s - 503. What is the units digit of o?
1
Suppose h - 5*h + 1732 = -4*p, 0 = 4*h - p - 1735. Suppose -5*r - 69 = -h. What is the tens digit of r?
7
Let k(m) be the third derivative of m**6/120 - m**5/60 - m**4/12 + m**3/3 + 22*m**2. What is the units digit of k(4)?
2
Let j(d) be the second derivative of 5*d**3/3 - 6*d**2 - 16*d. What is the units digit of j(6)?
8
Let y = -15 + 17. Suppose y*w - 5*k - 890 = -3*w, 0 = 5*w + k - 866. What is the units digit of w?
4
Let r(t) = -t**2 + 10*t - 7. Let m(n) = 3*n**2 - 30*n + 21. Let x(y) = -3*m(y) - 8*r(y). What is the tens digit of x(7)?
1
Let c(x) = 4 - 13*x**2 + 12*x**2 + x + 2*x + 3. Let f be c(4). Suppose 0 = 3*p - 4*p - 5*y + 21, 95 = f*p - y. What is the tens digit of p?
3
Suppose 2415 = 6*r - 609. What is the tens digit of r?
0
Suppose 2*a = -h + 32, 4*h = a - 0*h - 34. Suppose 6*t = 3*t + a. What is the tens digit of (t - 20)/((-2)/4)?
2
Suppose -2668 = -5*o - 868. What is the units digit of o?
0
Let h = -7 + 0. Let u(o) = -2*o - 8. What is the units digit of u(h)?
6
Let n be -8 + 8 - (2 - 6). What is the tens digit of (2698/57)/(n/18)?
1
Let q = 15 + -13. Suppose -x - 2 = 0, -q*a - 5*x + 14 = a. Suppose 12*p = a*p + 128. What is the units digit of p?
2
Suppose -11*k + 12*k - 246 = f, 3*k = -f + 726. What is the hundreds digit of k?
2
Let g = 9 + -14. Let o(b) be the third derivative of -b**5/60 - 5*b**4/12 + b**2. What is the units digit of o(g)?
5
Let d = -26 + 120. Suppose d = c + 2*g - g, -4*c = -5*g - 367. What is the units digit of c?
3
Let q(n) = -11*n + 32. Let b(j) = 7*j - 21. Let h(r) = 8*b(r) + 5*q(r). Let v be h(14). What is the units digit of 91/78 + (-1)/v?
1
Let o(c) = c - 3 + 2*c - 4*c. Let z be o(-3). Suppose 4*k - 3*k - 22 = z. What is the tens digit of k?
2
Suppose 3*d - 2019 = 3*l - 0*l, 4*l + 12 = 0. What is the units digit of d?
0
Suppose -2*u = s + 3, -2*u - 11 = -3*s - 4. What is the hundreds digit of (u + 1)*5/(-10)*242?
1
Suppose v + 206 = 3*v + 5*c, 3*c = 0. Suppose 5*o = 6*o - v. What is the tens digit of o?
0
Let l = -711 + 1304. What is the units digit of l?
3
Suppose 2900*d = 2905*d - 2950. What is the hundreds digit of d?
5
Let a be ((-5)/15)/(1/(-15)). Suppose -a*g - 5*q = -55, 5*g = 2*g - 2*q + 33. Suppose -3*w + g = -13. What is the units digit of w?
8
Let y = 46 - 24. Let a = y + -15. What is the units digit of a?
7
Let p = -1 - -3. Suppose 4*u - 305 = y, p*u + 3*u = -5*y + 350. What is the units digit of (u/(-21) + 1)*-7?
8
Suppose 1 = -2*k + 7. Suppose -147 = -3*a + k*f - f, f - 3 = 0. What is the tens digit of a?
5
Let h(b) = -4*b**3 + 10*b**2 + 15*b - 9. What is the thousands digit of h(-6)?
1
Let l = -42 + 63. Let k be ((-6)/3 - -1)*-39. Let f = k - l. What is the tens digit of f?
1
What is the tens digit of (81576/90)/(4/10)?
6
Suppose -f - p + 9 = -3*p, -4 = 4*p. Suppose 272 = -f*t + 1021. What is the tens digit of t?
0
Suppose 3*s = -4*o + 29, -5*o - s + 0*s = -28. Suppose o*p - 572 = p. What is the tens digit of p?
4
Let p(m) = -m**2 - 3*m + 3. Let a be p(-4). What is the units digit of 82 + 2 + 1 + a?
4
Let y(t) = 17 - 14 - t + 46 + 4*t. What is the tens digit of y(11)?
8
Suppose 2*t = -l - 15 + 53, 2*t + 202 = 4*l. What is the units digit of l?
8
Suppose -3*j = -713 + 236. Let r = j - 86. Suppose 3*u - b + 19 - r = 0, -5*b + 91 = 4*u. What is the tens digit of u?
1
Let d(m) = -m - 33. Let n be d(-23). Let f(b) = -b**3 - 8*b**2 + 4*b + 1. What is the hundreds digit of f(n)?
1
Let y(f) = -9*f - 31. What is the tens digit of y(-35)?
8
Suppose -16025 = -5*c - 5*u, -6*u = -2*c - 5*u + 6413. What is the units digit of c?
6
Let m(q) = q**3 + 10*q**2 - 9*q + 24. Let z be m(-11). Suppose 0*j - 3*y = -4*j + 172, -z*y = -8. What is the units digit of j?
6
Let d = -77 - -144. What is the tens digit of d?
6
Let h = 169 - 17. What is the units digit of h?
2
Suppose -10*z = 5*r - 7*z - 12450, 0 = 3*r + 5*z - 7454. What is the hundreds digit of r?
4
Let c be ((-20)/6 + 1)/((-8)/264). Suppose 2*h - 34 = -m + c, 219 = 2*m + h. What is the hundreds digit of m?
1
Let g = -3629 - -6078. What is the units digit of g?
9
Let c be 73*3*3/9. Let d = -42 + c. What is the tens digit of d?
3
Suppose 0*h = -2*h + 12. Let f(l) = l**2 + 8*l + 2. Let p be f(-8). Suppose 0 = -p*j - 3*y - 11, h = 3*j - 2*y - 10. What is the units digit of j?
2
Let d(b) = 20*b**2 + 5 - 3 - 3 - 2*b. Suppose w + v = -w - 7, 4*w = 5*v + 21. What is the tens digit of d(w)?
2
Suppose s - 4*s = 0. Suppose 2 = -l, s = -4*g + 2*l + 512 + 88. What is the units digit of g?
9
Suppose 0 = 5*b + i + 222, -70 = 2*b + 3*i + 24. Let c = 69 + b. Let k = 47 - c. What is the units digit of k?
2
Let p(n) = -8*n + 15*n + 8*n + 6. What is the units digit of p(4)?
6
Let n(u) = -21*u + 7. Let p be ((-2)/3)/(2/9). What is the units digit of n(p)?
0
Let f(a) = -23*a - 1. Let k be f(-3). Suppose -5*u = -y - 36, y - 5*u = 4*y + k. Let p = 38 + y. What is the tens digit of p?
1
Let q(w) = w**2 - 9*w - 74. Let m be q(15). Let o = m - -65. What is the units digit of o?
1
Let x(a) = -4*a**3 - a**2 + 5*a + 5. Let c(g) = g**3 - g - 1. Let d(n) = -5*c(n) - x(n). Let z be d(1). Suppose -5*b + 225 = -z*b. What is the units digit of b?
5
Let l(j) = 5*j - 15*j**2 + 19*j**2 - 6 - j**3 + 2*j. Let p be l(5). Suppose 0 = p*u - 24. What is the units digit of u?
6
Let c(k) = 170*k**2 + 4*k + 11. What is the thou